{"id":2795,"date":"2020-04-01T18:15:58","date_gmt":"2020-04-01T16:15:58","guid":{"rendered":"https:\/\/www.vidalenc.com\/contact\/"},"modified":"2020-07-01T16:10:52","modified_gmt":"2020-07-01T14:10:52","slug":"contact","status":"publish","type":"page","link":"https:\/\/www.vidalenc.com\/en\/contact\/","title":{"rendered":"Contact"},"content":{"rendered":"","protected":false},"excerpt":{"rendered":"","protected":false},"author":1,"featured_media":0,"parent":0,"menu_order":4,"comment_status":"closed","ping_status":"closed","template":"contact.php","meta":{"_acf_changed":false,"footnotes":""},"class_list":["post-2795","page","type-page","status-publish","hentry"],"acf":[],"yoast_head":"<!-- This site is optimized with the Yoast SEO plugin v27.4 - https:\/\/yoast.com\/product\/yoast-seo-wordpress\/ -->\n<title>Contact &#8212; Vidalenc Architectes<\/title>\n<meta name=\"robots\" content=\"index, follow, max-snippet:-1, max-image-preview:large, max-video-preview:-1\" \/>\n<link rel=\"canonical\" href=\"https:\/\/www.vidalenc.com\/en\/contact\/\" \/>\n<meta property=\"og:locale\" content=\"en_US\" \/>\n<meta property=\"og:type\" content=\"article\" \/>\n<meta property=\"og:title\" content=\"Contact &#8212; Vidalenc Architectes\" \/>\n<meta property=\"og:url\" content=\"https:\/\/www.vidalenc.com\/en\/contact\/\" \/>\n<meta property=\"og:site_name\" content=\"Vidalenc Architectes\" \/>\n<meta property=\"article:modified_time\" content=\"2020-07-01T14:10:52+00:00\" \/>\n<meta name=\"twitter:card\" content=\"summary_large_image\" \/>\n<script type=\"application\/ld+json\" class=\"yoast-schema-graph\">{\"@context\":\"https:\\\/\\\/schema.org\",\"@graph\":[{\"@type\":\"WebPage\",\"@id\":\"https:\\\/\\\/www.vidalenc.com\\\/en\\\/contact\\\/\",\"url\":\"https:\\\/\\\/www.vidalenc.com\\\/en\\\/contact\\\/\",\"name\":\"Contact &#8212; Vidalenc Architectes\",\"isPartOf\":{\"@id\":\"https:\\\/\\\/www.vidalenc.com\\\/en\\\/#website\"},\"datePublished\":\"2020-04-01T16:15:58+00:00\",\"dateModified\":\"2020-07-01T14:10:52+00:00\",\"inLanguage\":\"en-US\",\"potentialAction\":[{\"@type\":\"ReadAction\",\"target\":[\"https:\\\/\\\/www.vidalenc.com\\\/en\\\/contact\\\/\"]}]},{\"@type\":\"WebSite\",\"@id\":\"https:\\\/\\\/www.vidalenc.com\\\/en\\\/#website\",\"url\":\"https:\\\/\\\/www.vidalenc.com\\\/en\\\/\",\"name\":\"Vidalenc Architectes\",\"description\":\"Depuis 2002, l\u2019agence Vidalenc Architectes s\u2019est consacr\u00e9e \u00e0 l\u2019\u00e9tude et \u00e0 l\u2019ex\u00e9cution de pr\u00e8s de deux cents projets, dans des secteurs aussi vari\u00e9s que l\u2019habitat collectif ou individuel, l\u2019h\u00f4tellerie, la restauration, le tertiaire, et tant en restructuration lourde de b\u00e2timents existants qu\u2019en construction.\",\"potentialAction\":[{\"@type\":\"SearchAction\",\"target\":{\"@type\":\"EntryPoint\",\"urlTemplate\":\"https:\\\/\\\/www.vidalenc.com\\\/en\\\/?s={search_term_string}\"},\"query-input\":{\"@type\":\"PropertyValueSpecification\",\"valueRequired\":true,\"valueName\":\"search_term_string\"}}],\"inLanguage\":\"en-US\"}]}<\/script>\n<!-- \/ Yoast SEO plugin. -->","yoast_head_json":{"title":"Contact &#8212; Vidalenc Architectes","robots":{"index":"index","follow":"follow","max-snippet":"max-snippet:-1","max-image-preview":"max-image-preview:large","max-video-preview":"max-video-preview:-1"},"canonical":"https:\/\/www.vidalenc.com\/en\/contact\/","og_locale":"en_US","og_type":"article","og_title":"Contact &#8212; Vidalenc Architectes","og_url":"https:\/\/www.vidalenc.com\/en\/contact\/","og_site_name":"Vidalenc Architectes","article_modified_time":"2020-07-01T14:10:52+00:00","twitter_card":"summary_large_image","schema":{"@context":"https:\/\/schema.org","@graph":[{"@type":"WebPage","@id":"https:\/\/www.vidalenc.com\/en\/contact\/","url":"https:\/\/www.vidalenc.com\/en\/contact\/","name":"Contact &#8212; Vidalenc Architectes","isPartOf":{"@id":"https:\/\/www.vidalenc.com\/en\/#website"},"datePublished":"2020-04-01T16:15:58+00:00","dateModified":"2020-07-01T14:10:52+00:00","inLanguage":"en-US","potentialAction":[{"@type":"ReadAction","target":["https:\/\/www.vidalenc.com\/en\/contact\/"]}]},{"@type":"WebSite","@id":"https:\/\/www.vidalenc.com\/en\/#website","url":"https:\/\/www.vidalenc.com\/en\/","name":"Vidalenc Architectes","description":"Depuis 2002, l\u2019agence Vidalenc Architectes s\u2019est consacr\u00e9e \u00e0 l\u2019\u00e9tude et \u00e0 l\u2019ex\u00e9cution de pr\u00e8s de deux cents projets, dans des secteurs aussi vari\u00e9s que l\u2019habitat collectif ou individuel, l\u2019h\u00f4tellerie, la restauration, le tertiaire, et tant en restructuration lourde de b\u00e2timents existants qu\u2019en construction.","potentialAction":[{"@type":"SearchAction","target":{"@type":"EntryPoint","urlTemplate":"https:\/\/www.vidalenc.com\/en\/?s={search_term_string}"},"query-input":{"@type":"PropertyValueSpecification","valueRequired":true,"valueName":"search_term_string"}}],"inLanguage":"en-US"}]}},"_links":{"self":[{"href":"https:\/\/www.vidalenc.com\/en\/wp-json\/wp\/v2\/pages\/2795","targetHints":{"allow":["GET"]}}],"collection":[{"href":"https:\/\/www.vidalenc.com\/en\/wp-json\/wp\/v2\/pages"}],"about":[{"href":"https:\/\/www.vidalenc.com\/en\/wp-json\/wp\/v2\/types\/page"}],"author":[{"embeddable":true,"href":"https:\/\/www.vidalenc.com\/en\/wp-json\/wp\/v2\/users\/1"}],"replies":[{"embeddable":true,"href":"https:\/\/www.vidalenc.com\/en\/wp-json\/wp\/v2\/comments?post=2795"}],"version-history":[{"count":1,"href":"https:\/\/www.vidalenc.com\/en\/wp-json\/wp\/v2\/pages\/2795\/revisions"}],"predecessor-version":[{"id":2797,"href":"https:\/\/www.vidalenc.com\/en\/wp-json\/wp\/v2\/pages\/2795\/revisions\/2797"}],"wp:attachment":[{"href":"https:\/\/www.vidalenc.com\/en\/wp-json\/wp\/v2\/media?parent=2795"}],"curies":[{"name":"wp","href":"https:\/\/api.w.org\/{rel}","templated":true}]}}

<!-- This site is optimized with the Yoast SEO plugin v27.4 - https://yoast.com/product/yoast-seo-wordpress/ -->
<title>Contact &#8212; Vidalenc Architectes</title>
<meta name="robots" content="index, follow, max-snippet:-1, max-image-preview:large, max-video-preview:-1" />
<link rel="canonical" href="https://www.vidalenc.com/en/contact/" />
<meta property="og:locale" content="en_US" />
<meta property="og:type" content="article" />
<meta property="og:title" content="Contact &#8212; Vidalenc Architectes" />
<meta property="og:url" content="https://www.vidalenc.com/en/contact/" />
<meta property="og:site_name" content="Vidalenc Architectes" />
<meta property="article:modified_time" content="2020-07-01T14:10:52+00:00" />
<meta name="twitter:card" content="summary_large_image" />
<script type="application/ld+json" class="yoast-schema-graph">{"@context":"https:\/\/schema.org","@graph":[{"@type":"WebPage","@id":"https:\/\/www.vidalenc.com\/en\/contact\/","url":"https:\/\/www.vidalenc.com\/en\/contact\/","name":"Contact &#8212; Vidalenc Architectes","isPartOf":{"@id":"https:\/\/www.vidalenc.com\/en\/#website"},"datePublished":"2020-04-01T16:15:58+00:00","dateModified":"2020-07-01T14:10:52+00:00","inLanguage":"en-US","potentialAction":[{"@type":"ReadAction","target":["https:\/\/www.vidalenc.com\/en\/contact\/"]}]},{"@type":"WebSite","@id":"https:\/\/www.vidalenc.com\/en\/#website","url":"https:\/\/www.vidalenc.com\/en\/","name":"Vidalenc Architectes","description":"Depuis 2002, l’agence Vidalenc Architectes s’est consacrée à l’étude et à l’exécution de près de deux cents projets, dans des secteurs aussi variés que l’habitat collectif ou individuel, l’hôtellerie, la restauration, le tertiaire, et tant en restructuration lourde de bâtiments existants qu’en construction.","potentialAction":[{"@type":"SearchAction","target":{"@type":"EntryPoint","urlTemplate":"https:\/\/www.vidalenc.com\/en\/?s={search_term_string}"},"query-input":{"@type":"PropertyValueSpecification","valueRequired":true,"valueName":"search_term_string"}}],"inLanguage":"en-US"}]}</script>
<!-- / Yoast SEO plugin. -->

Depuis 2002, l’agence Vidalenc Architectes s’est consacrée à l’étude et à l’exécution de près de deux cents projets, dans des secteurs aussi variés que l’habitat collectif ou individuel, l’hôtellerie, la restauration, le tertiaire, et tant en restructuration lourde de bâtiments existants qu’en construction.
